{"id":17,"date":"2026-02-17T13:45:47","date_gmt":"2026-02-17T12:45:47","guid":{"rendered":"https:\/\/schoenetexte.consee.de\/?page_id=17"},"modified":"2026-02-26T21:45:29","modified_gmt":"2026-02-26T20:45:29","slug":"schreiben","status":"publish","type":"page","link":"https:\/\/schoenetexte.consee.de\/index.php\/schreiben\/","title":{"rendered":"Schreiben"},"content":{"rendered":"\n<p>Einige Beispiele meiner Ver\u00f6ffentlichungen der letzten Jahre finden Sie unter &#8222;<a href=\"https:\/\/schoenetexte.consee.de\/index.php\/schreiben\/geschriebenes\/\" data-type=\"page\" data-id=\"19\">Erschriebenes<\/a>&#8222;.<\/p>\n\n\n\n<p><\/p>\n\n\n\n<p>Wenn Sie einen frischen, ohne KI erstellten, Text w\u00fcnschen, gilt meine Preisliste:<\/p>\n\n\n\n<hr class=\"wp-block-separator has-alpha-channel-opacity\"\/>\n\n\n\n<h2 class=\"wp-block-heading is-style-default\">Aktuelle Preisliste vom 01. Januar 2026, alle Preise zzgl. MwSt<\/h2>\n\n\n\n<h3 class=\"wp-block-heading\">Verfassen von Texten<\/h3>\n\n\n\n<figure class=\"wp-block-table\"><table class=\"has-fixed-layout\"><tbody><tr><td>Neuerstellen einer Pressemitteilung<br>(pauschal, Briefing erfolgt per Telefon oder E-mail)<\/td><td>\u20ac&nbsp;350,-<\/td><\/tr><tr><td>Erstellen von Artikeln in deutscher Sprache \u00e1 5000 Zeichen<br>(+ Recherchepauschale)<\/td><td>\u20ac&nbsp;370,-<\/td><\/tr><tr><td>Erstellen von Artikeln in englischer, franz\u00f6sischer oder spanischer Sprache \u00e1 5000 Zeichen<br>(+ Recherchepauschale)<\/td><td>\u20ac&nbsp;420,-<\/td><\/tr><tr><td>zzgl. Recherchepauschale pro Artikel<\/td><td>\u20ac&nbsp;450,-<\/td><\/tr><\/tbody><\/table><\/figure>\n\n\n\n<h3 class=\"wp-block-heading\">Fach\u00fcbersetzungen von Pressemitteilungen und Artikeln<\/h3>\n\n\n\n<figure class=\"wp-block-table\"><table class=\"has-fixed-layout\"><tbody><tr><td>Englisch, Franz\u00f6sisch, Spanisch \u2192 Deutsch&nbsp;<br>pro Zeichen in Deutsch<\/td><td>\u20ac&nbsp;0,04<\/td><\/tr><tr><td>Deutsch \u2192 Englisch, Franz\u00f6sisch, Spanisch&nbsp;<br>pro Zeichen in der Zielsprache<\/td><td>\u20ac&nbsp;0,06<\/td><\/tr><\/tbody><\/table><\/figure>\n\n\n\n<h3 class=\"wp-block-heading\">\u00dcberarbeiten&amp;Korrekturlesen<\/h3>\n\n\n\n<figure class=\"wp-block-table\"><table class=\"has-fixed-layout\"><tbody><tr><td>Korrekturlesen von deutschen Texten Dritter sowie Anpassen zur Ver\u00f6ffentlichung in bestimmten Medien (\u00e0 5000 Zeichen)<\/td><td>350 \u20ac<\/td><\/tr><tr><td>Korrekturlesen von englischen, franz\u00f6sischen oder spanischen Texten Dritter sowie Anpassen zur Ver\u00f6ffentlichung in bestimmten Medien (\u00e0 5000 Zeichen)<\/td><td>370 \u20ac<\/td><\/tr><\/tbody><\/table><\/figure>\n\n\n\n<h3 class=\"wp-block-heading\">Zus\u00e4tzliche, optionale Kosten<\/h3>\n\n\n\n<figure class=\"wp-block-table\"><table class=\"has-fixed-layout\"><tbody><tr><td>Zus\u00e4tzlich anfallende Spesen (Fahrtkosten, Telefonkosten au\u00dferhalb Deutschlands, Kosten f\u00fcr Kurierdienste sowie eventuelle Reisekosten, Spesen, Auslagen etc.) werden nach Aufwand gem\u00e4\u00df den g\u00fcltigen S\u00e4tzen des Finanzamtes bzw. nach Einzelbelegen berechnet. Falls Recherche au\u00dferhalb des Gro\u00dfraums M\u00fcnchen (Inland oder Ausland) anf\u00e4llt, wird die Recherchepauschale (\u20ac&nbsp;450,-) durch einen Tagessatz von \u20ac&nbsp;720,- pro Recherchetag ersetzt.<\/td><\/tr><tr><td>Wenn sich die Artikelfreigabe \u00fcber mehr als zwei Iterationen erstreckt, erfolgt die weitere Bearbeitung des Artikels gegen Berechnung des Zeitaufwands gem\u00e4\u00df dem Stundensatz. Dieser betr\u00e4gt \u20ac&nbsp;90,-.<\/td><\/tr><\/tbody><\/table><\/figure>\n","protected":false},"excerpt":{"rendered":"<p>Einige Beispiele meiner Ver\u00f6ffentlichungen der letzten Jahre finden Sie unter &#8222;Erschriebenes&#8222;. Wenn Sie einen frischen, ohne KI erstellten, Text w\u00fcnschen, gilt meine Preisliste: Aktuelle Preisliste vom 01. Januar 2026, alle Preise zzgl. MwSt Verfassen von Texten Neuerstellen einer Pressemitteilung(pauschal, Briefing erfolgt per Telefon oder E-mail) \u20ac&nbsp;350,- Erstellen von Artikeln in deutscher Sprache \u00e1 5000 Zeichen(+ [&hellip;]<\/p>\n","protected":false},"author":1,"featured_media":0,"parent":0,"menu_order":0,"comment_status":"closed","ping_status":"closed","template":"","meta":{"footnotes":""},"class_list":["post-17","page","type-page","status-publish","hentry"],"_links":{"self":[{"href":"https:\/\/schoenetexte.consee.de\/index.php\/wp-json\/wp\/v2\/pages\/17","targetHints":{"allow":["GET"]}}],"collection":[{"href":"https:\/\/schoenetexte.consee.de\/index.php\/wp-json\/wp\/v2\/pages"}],"about":[{"href":"https:\/\/schoenetexte.consee.de\/index.php\/wp-json\/wp\/v2\/types\/page"}],"author":[{"embeddable":true,"href":"https:\/\/schoenetexte.consee.de\/index.php\/wp-json\/wp\/v2\/users\/1"}],"replies":[{"embeddable":true,"href":"https:\/\/schoenetexte.consee.de\/index.php\/wp-json\/wp\/v2\/comments?post=17"}],"version-history":[{"count":7,"href":"https:\/\/schoenetexte.consee.de\/index.php\/wp-json\/wp\/v2\/pages\/17\/revisions"}],"predecessor-version":[{"id":194,"href":"https:\/\/schoenetexte.consee.de\/index.php\/wp-json\/wp\/v2\/pages\/17\/revisions\/194"}],"wp:attachment":[{"href":"https:\/\/schoenetexte.consee.de\/index.php\/wp-json\/wp\/v2\/media?parent=17"}],"curies":[{"name":"wp","href":"https:\/\/api.w.org\/{rel}","templated":true}]}}