{"id":54,"date":"2026-02-25T15:25:15","date_gmt":"2026-02-25T14:25:15","guid":{"rendered":"https:\/\/schoenetexte.consee.de\/?page_id=54"},"modified":"2026-02-25T16:51:50","modified_gmt":"2026-02-25T15:51:50","slug":"lichtoptik","status":"publish","type":"page","link":"https:\/\/schoenetexte.consee.de\/index.php\/schreiben\/geschriebenes\/lichtoptik\/","title":{"rendered":"Licht&amp;Optik"},"content":{"rendered":"\n<p><a href=\"https:\/\/www.mouser.com\/blog\/new-tech-white-leds-are-becoming-brighter-more-robust\">White LEDs Are Becoming Brighter and More Robust<\/a><\/p>\n\n\n\n<p><a href=\"https:\/\/www.mouser.fr\/blog\/le-rendu-des-couleurs-laide-de-systmes-de-led-4-canaux\">Le rendu des couleurs \u00e0 l&#8217;aide de syst\u00e8mes de LED \u00e0 4 canaux<\/a><\/p>\n\n\n\n<p><a href=\"https:\/\/www.mouser.de\/blog\/farbwiedergabe-mit-4-kanal-led-systemen\">Farbwiedergabe mit 4-Kanal-LED-Systemen<\/a><\/p>\n\n\n\n<p><a href=\"https:\/\/www.elektroniknet.de\/messen-testen\/praezisionsverstaerker-fuer-optische-signale.341.html\">Pr\u00e4zisionsverst\u00e4rker f\u00fcr optische Signale<\/a><\/p>\n\n\n\n<p><a href=\"https:\/\/www.elektroniknet.de\/optoelektronik\/displays\/oleds-leuchten-laenger.337.html\">OLEDs leuchten l\u00e4nger<\/a><\/p>\n\n\n\n<p><a href=\"https:\/\/www.elektroniknet.de\/optoelektronik\/led-beleuchtungen-selbst-planen-und-installieren.20313.html\">LED-Beleuchtungen selbst planen und installieren<\/a><\/p>\n\n\n\n<p><a href=\"https:\/\/www.elektroniknet.de\/optoelektronik\/led-lighting\/licht-unter-der-lupe.88632.html\">Licht unter der Lupe<\/a><\/p>\n\n\n\n<p><a href=\"https:\/\/www.elektroniknet.de\/embedded\/hardware\/moderne-filmkameras-sind-embedded-rechnersysteme.1096.html\">Moderne Filmkameras sind Embedded-Rechnersysteme<\/a><\/p>\n\n\n\n<p><a href=\"https:\/\/www.elektroniknet.de\/automotive\/assistenzsysteme\/trends-bei-cmos-bildsensoren.471.html\">Trends bei CMOS-Bildsensoren<\/a><\/p>\n\n\n\n<p><a href=\"https:\/\/www.elektroniknet.de\/optoelektronik\/displays\/das-litfass-display.88663.html\">Das Litfa\u00df-Display<\/a><\/p>\n\n\n\n<p><a href=\"https:\/\/www.elektroniknet.de\/medizintechnik\/medtech-komponenten\/kohaerenter-blick-ins-auge.108465.html\">Koh\u00e4renter Blick ins Auge<\/a><\/p>\n\n\n\n<p><a href=\"https:\/\/www.elektroniknet.de\/medizintechnik\/systeme-anwendungen\/beruehrung-auf-gegenseitigkeit.127436.html\">Ber\u00fchrung auf Gegenseitigkeit<\/a><\/p>\n\n\n\n<p><\/p>\n","protected":false},"excerpt":{"rendered":"<p>White LEDs Are Becoming Brighter and More Robust Le rendu des couleurs \u00e0 l&#8217;aide de syst\u00e8mes de LED \u00e0 4 canaux Farbwiedergabe mit 4-Kanal-LED-Systemen Pr\u00e4zisionsverst\u00e4rker f\u00fcr optische Signale OLEDs leuchten l\u00e4nger LED-Beleuchtungen selbst planen und installieren Licht unter der Lupe Moderne Filmkameras sind Embedded-Rechnersysteme Trends bei CMOS-Bildsensoren Das Litfa\u00df-Display Koh\u00e4renter Blick ins Auge Ber\u00fchrung auf [&hellip;]<\/p>\n","protected":false},"author":1,"featured_media":0,"parent":19,"menu_order":0,"comment_status":"closed","ping_status":"closed","template":"","meta":{"footnotes":""},"class_list":["post-54","page","type-page","status-publish","hentry"],"_links":{"self":[{"href":"https:\/\/schoenetexte.consee.de\/index.php\/wp-json\/wp\/v2\/pages\/54","targetHints":{"allow":["GET"]}}],"collection":[{"href":"https:\/\/schoenetexte.consee.de\/index.php\/wp-json\/wp\/v2\/pages"}],"about":[{"href":"https:\/\/schoenetexte.consee.de\/index.php\/wp-json\/wp\/v2\/types\/page"}],"author":[{"embeddable":true,"href":"https:\/\/schoenetexte.consee.de\/index.php\/wp-json\/wp\/v2\/users\/1"}],"replies":[{"embeddable":true,"href":"https:\/\/schoenetexte.consee.de\/index.php\/wp-json\/wp\/v2\/comments?post=54"}],"version-history":[{"count":10,"href":"https:\/\/schoenetexte.consee.de\/index.php\/wp-json\/wp\/v2\/pages\/54\/revisions"}],"predecessor-version":[{"id":157,"href":"https:\/\/schoenetexte.consee.de\/index.php\/wp-json\/wp\/v2\/pages\/54\/revisions\/157"}],"up":[{"embeddable":true,"href":"https:\/\/schoenetexte.consee.de\/index.php\/wp-json\/wp\/v2\/pages\/19"}],"wp:attachment":[{"href":"https:\/\/schoenetexte.consee.de\/index.php\/wp-json\/wp\/v2\/media?parent=54"}],"curies":[{"name":"wp","href":"https:\/\/api.w.org\/{rel}","templated":true}]}}