{"id":75,"date":"2026-02-25T16:15:46","date_gmt":"2026-02-25T15:15:46","guid":{"rendered":"https:\/\/schoenetexte.consee.de\/?page_id=75"},"modified":"2026-02-25T16:15:46","modified_gmt":"2026-02-25T15:15:46","slug":"oekologisches","status":"publish","type":"page","link":"https:\/\/schoenetexte.consee.de\/index.php\/schreiben\/geschriebenes\/oekologisches\/","title":{"rendered":"\u00d6kologisches"},"content":{"rendered":"\n<p><a href=\"https:\/\/www.mouser.de\/blog\/oekologie-wirtschaftlichkeit-und-emv-von-waermepumpen\">\u00d6kologie, Wirtschaftlichkeit und EMV von W\u00e4rmepumpen<\/a><\/p>\n\n\n\n<p><a href=\"https:\/\/www.mouser.fr\/blog\/pompes-a-chaleur-ecologie-economie-et-compatibilite-electromagnetique\">Pompes \u00e0 chaleur : \u00e9cologie, \u00e9conomie et compatibilit\u00e9 \u00e9lectromagn\u00e9tique<\/a><\/p>\n\n\n\n<p><\/p>\n","protected":false},"excerpt":{"rendered":"<p>\u00d6kologie, Wirtschaftlichkeit und EMV von W\u00e4rmepumpen Pompes \u00e0 chaleur : \u00e9cologie, \u00e9conomie et compatibilit\u00e9 \u00e9lectromagn\u00e9tique<\/p>\n","protected":false},"author":1,"featured_media":0,"parent":19,"menu_order":0,"comment_status":"closed","ping_status":"closed","template":"","meta":{"footnotes":""},"class_list":["post-75","page","type-page","status-publish","hentry"],"_links":{"self":[{"href":"https:\/\/schoenetexte.consee.de\/index.php\/wp-json\/wp\/v2\/pages\/75","targetHints":{"allow":["GET"]}}],"collection":[{"href":"https:\/\/schoenetexte.consee.de\/index.php\/wp-json\/wp\/v2\/pages"}],"about":[{"href":"https:\/\/schoenetexte.consee.de\/index.php\/wp-json\/wp\/v2\/types\/page"}],"author":[{"embeddable":true,"href":"https:\/\/schoenetexte.consee.de\/index.php\/wp-json\/wp\/v2\/users\/1"}],"replies":[{"embeddable":true,"href":"https:\/\/schoenetexte.consee.de\/index.php\/wp-json\/wp\/v2\/comments?post=75"}],"version-history":[{"count":3,"href":"https:\/\/schoenetexte.consee.de\/index.php\/wp-json\/wp\/v2\/pages\/75\/revisions"}],"predecessor-version":[{"id":142,"href":"https:\/\/schoenetexte.consee.de\/index.php\/wp-json\/wp\/v2\/pages\/75\/revisions\/142"}],"up":[{"embeddable":true,"href":"https:\/\/schoenetexte.consee.de\/index.php\/wp-json\/wp\/v2\/pages\/19"}],"wp:attachment":[{"href":"https:\/\/schoenetexte.consee.de\/index.php\/wp-json\/wp\/v2\/media?parent=75"}],"curies":[{"name":"wp","href":"https:\/\/api.w.org\/{rel}","templated":true}]}}